)) + (-590 - -620)
17
28 + (7 - (37 + (-10 - -4)) - -8)
12
What is (8 - (70 + -1)) + -103 + 100 + -19?
-83
What is 6 + -3 - (-12 + 2 - -1) - 103 - -8?
-83
What is the value of 4 - (-57 + 6) - ((-12 - -24) + -14 + 2)?
55
-14 + -70 - ((13 - 44) + 9)
-62
What is 60 - (-187 + 184 + (-14 - -1) + 15)?
61
Calculate 49 + (26 - -25) + -65.
35
Evaluate 140 + (-26 - -15) + 12 - 32.
109
What is the value of 3 - -1 - (-38 + (-14 - -39 - -14) + -11)?
14
What is -30 + -30 + (-14 - -88) + -7?
7
What is the value of 57 - ((146 - 107) + 138)?
-120
(-10 - 0) + -1 + (135 - (3 + -1 + 9))
113
(437 - 443) + (-14 - -1 - -4)
-15
Evaluate 27 + (-47 + -38 - -33).
-25
What is the value of -73 - (20 + (1 + -26 - (21 + -18 - 15)))?
-80
Evaluate 0 + 16 + -3 + -36 - -12.
-11
12 - (133 + 135 + -224)
-32
Calculate 2910 + -2910 - ((2 - (2 + 46)) + 2).
44
What is the value of -73 + 145 + -35 + 33?
70
What is the value of 20 - (-5 + -6 + 8 + 5 - (4 - 5))?
17
Evaluate -17 + -3 + -12 + 7.
-25
-8 + 0 + (23 - (-7 - -27)) + -15
-20
What is 1 - (-62 + -1) - (63853 - 63864)?
75
Calculate (-1 - 1 - (246 + -243)) + 23.
18
What is 40 + (-1 + -6 - -3 - (20 - 43 - -30))?
29
Evaluate 2 + 20 + -9 + -5 + (-1 - (3 - 27)).
31
Calculate -6 + 1 - ((8 - 9) + -5 - 26).
27
Evaluate -484 - -503 - (16 + -4).
7
Calculate 3 + 22 - (-137 + 31 + 82).
49
Evaluate 649 - 565 - ((-13 - 2) + 8 + (-11 - -7)).
95
Calculate (882 - 873 - (-2 + 19 + 0)) + 144.
136
Calculate (-1 - -3) + -6 - (2 + -8 - (-3 + 8)).
7
Calculate 1 + (15 - (95 - 41)) - 24.
-62
What is (-16 - -33 - 6 - 7) + (-1 - 0 - -7)?
10
Calculate (-42 - 13) + (-170 - -240).
15
What is the value of -42 - (-86 + 87 + 31)?
-74
Evaluate 0 + 48 + (-25 - 1) + -100.
-78
Calculate 8 + (78 - 97) + (-1 - -76) - (-7 + 1).
70
What is the value of -9 + (43 - 85) - -103?
52
What is the value of 33 + 0 - (93 + -65)?
5
What is the value of 1 + -3 + -33 - (1 + 55 + -53)?
-38
Calculate (9192 - 9223) + -1 + (2 - 5).
-35
26 + (-24 + 19 - -50)
71
What is 5 - (16 - (93 + 16 + -27))?
71
What is 31 + -2 + 2 - (-77 - (-95 + 32))?
45
Calculate -5 + 7 - (1 + -1) - (1 - (91 - 100)).
-8
Evaluate 93 - 48 - (11 - -58).
-24
What is (1557 - 1541 - (0 - (-35 - 1))) + 7?
-13
What is the value of (1 - -29) + -1 + (56 - 176)?
-91
Evaluate 40 - (61 - 47) - (41 - -4).
-19
What is the value of -14 + (29 + -15 - (0 + -6 + 16))?
-10
Evaluate 150 + ((14 - 6) + (-11 - -3) - 23 - -12).
139
What is 30 - ((-1 - -28) + (-93 - -147))?
-51
Calculate (37 - 48) + -21 - -70.
38
What is (23 - -32) + -20 + 7?
42
-2 + -5 + (11 - 23 - -57)
38
1 + -13 - (8136 - 8118)
-30
What is the value of 17 - (20 - (-2 - 43))?
-48
What is -93 - (-38 + (25 - 45))?
-35
Calculate 2 - ((1 - 12) + -5 + -19).
37
Calculate 1 - (12 + -1) - ((64 - 60) + 33 + 0).
-47
-229 - ((-317 - -115) + 84)
-111
Calculate -116 + (141 - 26) - (29 + 3 + 0).
-33
Evaluate -11 + -6 + -11 - (-11 - (-52 - -20)).
-49
Calculate 64 + -10 + -14 + -1.
39
What is the value of 0 + (-5 - -4) + -2 - (-11 + 9 + -53)?
52
Evaluate (10 - (38 - 17) - ((2 - 4) + -4)) + -47.
-52
Calculate -112 + 154 + -20 + -14.
8
Evaluate -27 - (-59 + 8) - (-3 + -1).
28
What is 5 + -15 + (3 - (-16 - -19))?
-10
2 - -9 - (-94 - -114) - (11 + -135)
115
What is the value of -89 + (47 + 32 + -57 - (9 + 2)) + -6?
-84
What is the value of 1 + -12 - (41 - 62)?
10
What is the value of (3 - 2) + -15 + (108 - -56) + -102?
48
What is -18 + (-60 - 23 - (-4 - 1)) + -8?
-104
What is (-5 - (57 - 11 - -7)) + -15 + 15?
-58
Evaluate (7 - (1 + 0 + 1)) + (-1706 - -1660).
-41
Calculate (164 + -65 - -53) + -75.
77
-11 - (-9 + (-14 - -9 - -7) + 15)
-19
What is the value of (13 - -7 - (42 - 38)) + 28?
44
(-48 - -67) + (-26 - -8) - 17
-16
Evaluate -24 - (40 + -17 - 50).
3
Evaluate 15 - (-8 + 66 - 65).
22
What is the value of (-6 - (-2 - 31)) + 19 + (-43 - -21)?
24
What is the value of 4 + 10 - (-16 - (14 + 4))?
48
What is the value of -24 + 2 - (41 + -157 - -92)?
2
Calculate (-59 - -49 - (-1 - -12)) + 12 + (-68 - 0).
-77
What is the value of (-1 - 1 - (-7 - -1)) + 185 + (-85 - 112)?
-8
Evaluate (6 - 2 - 122) + (-27 - -70).
-75
Calculate -2 - -1 - (-21 + (-24 - -20 - -33)).
-9
Calculate -7 - (52 + 0 + (17 - 35) + 18).
-59
Evaluate -7 - (35 - 6 - -5) - -26.
-15
Calculate -7 - 1 - (185 - (35 + -32 + 70)).
-120
Evaluate (-69 - -139) + -8 + -81.
-19
Evaluate -2 + 28 - (3820 + -3798).
4
What is -11 + (4 - 2) + (-59 - -54) - (62 - 184)?
108
Calculate -6 + (17 + 17 + -43 - 14).
-29
What is the value of (61 - 53 - 54) + -15?
-61
What is the value of 18 - (13 - -1 - -15) - (-37 - -2)?
24
What is 38 + (13 + -13 + -3 - 15) + 6?
26
What is the value of (0 - 69) + 5468 + -5361?
38
Calculate -40 + 0 - (11 + 9 - 14 - 2).
-44
(-5 - (19 + -6)) + 3 - (104 + -116)
-3
What is the value of -1 + -12 + (39 + 19 - 78)?
-33
3 + -13 + (8 - (13 + (-23 - -5)))
3
What is the value of (198 - -12 - 227) + (-2 + -129 - 0)?
-148
What is the value of 27 + (15 - (18 - 19)) + -14?
29
What is -1 + 2 + -2 + (-51 - (2 - (22 - 19)))?
-51
Calculate 3 + (-2 - -2) + (10 - (16 - (-100 - 16))).
-119
Evaluate (2 - -4) + 305 + -343.
-32
What is 198 + -126 - ((447 - 445) + (0 + -7 - 1))?
78
Calculate 14 + 0 - (0 + 78 + -54).
-10
What is the value of 133 - (-10 - -19) - (-68 + 101)?
91
Evaluate -47 - ((4 - 71) + -28).
48
Evaluate 32 + (18 - 20) + -107 - -1.
-76
Calculate (36 - (15 - 15)) + (-65 - -54).
25
What is the value of (8 + (-38 - -69) - 19) + -57?
-37
Evaluate (-25 + -5 - (-133 + 38)) + -25.
40
-5 + -28 - (-79 - (-11 + -42))
-7
What is (-6 - (-19 - -14)) + (-10 - -15)?
4
What is -19 - (23 - (64 + (-39 - -10)))?
-7
What is 9 + 10 + (-33 - ((0 - -4) + 13 + -10))?
-21
What is the value of (11 + -12 - 46) + 5 - -10?
-32
What is ((-34 - -1) + 29 - (-61 + 4)) + 1?
54
What is the value of -92 + -67 + 171 + -72?
-60
What is 3 + -1 - (13 - (-35 - -20))?
-26
What is -23 - (-220 - -33 - (3 - 45))?
122
Calculate (-20 + 13 - -26) + -6 + 6 + 7.
26
What is (-55 + 0 - -11) + 107 - (-3 - 0)?
66
-160 + 149 - (6 + -23)
6
What is 1 + -9 - (-1 - (-22 + 27) - (4 + -1))?
1
Evaluate 12 + -12 - (1 + (18 - 11 - -34)).
-42
Calculate (50 - (-26 - -67)) + (-13 - -3) + 1 + 3.
3
What is the value of -6 + (-91 - -28) + 112?
43
-1 - (-1 - -5) - (-101 + 146 + -50)
0
(-7546 - -7536) + 0 + (-1 + -3 - 11)
-25
Evaluate 150 - ((76 - -63) + -39).
50
Calculate 36 + 10 + (-1 - 6 - (76 + -84)) + -20.
27
What is the value of 20437 + -20353 - ((1 - (1 - -1)) + 1) - -11?
95
Evaluate -10 - (-11 - ((3 + 4 - (16 - 7)) + -14)).
-15
What is (-26 - -64) + 15 - 19 - 4?
30
What is (1 - (41 + -33)) + -60?
-67
Evaluate 13 + 18 + (-10 - 23).
-2
What is -3 + (-11 - (41 - 16) - ((-7 - -3) + 2))?
-37
Calculate -2174 + 2170 + (-15 - (-2 + -1)) - 57.
-73
What is the value of 27 - ((-58 + 38 - (1 + -6)) + 19)?
23
14879 - 14826 - (-2 + (1 - -4) + 10 + -2)
42
What is the value of (13 + 4 - -4) + (5 - -2 - 9)?
19
Calculate (25 - 39 - -5) + -5 - (-4 + (-5 - -93)).
-98
What is 13 + 5 + (-3 - 37)?
-22
Evaluate (168 - 70) + (-7 - -12 - 22).
81
Calculate 34 - (-84 + 67 - -70).
-19
Evaluate 3 - -12 - (-38 - (-73 + 41)).
21
Evaluate (11 - 20) + (32 - (0 + -5 + 2)).
26
Calculate (-5 + (-13 - -25) - 11) + 4.
0
Evaluate 1 + -51 + (-24 + 142 - 147).
-79
What is -12 + 0 - (-31 - (32 + -47))?
4
Evaluate -2 + 4 + -20 + (0 - -1) + (-5 - 1).
-23
(4 + 16 + -7 + -19 - 7) + (4 - 10)
-19
6 + (-37 - -4 - (25 + -20) - 4)
-36
Calculate 22 + (21 - 28) + 8 + -153.
-130
4 + (-75 + 111 - (3 - -162))
-125
What is the value of (0 - 10) + 8 + (1 - -1) + 18 + 0?
18
Evaluate 699 + -647 - (3 - -40).
9
(-54 - -46) + 151 + -55
88
(-14 + 107 + 6 + -1 - (-5 + 19)) + 4
88
9 + (-10 - -5) - (-30 + 56 + 8)
-30
What is the value of 60 + (71 - 74 - (-16 + (-6 - -6)))?
73
What is -7 - 6 - (0 + -24 + 29) - 64?
-82
What is 122 + (5 - (112 + -7))?
22
-31 + (2 - 10) + 33
-6
Evaluate 7 + (-8 - 0) + 5 + 11 + 9.
24
What is the value of (3 - 37) + 88 - 43?
11
-13 - 82 - 1 - (-2 + (1 - 1)) - 0
-94
49 + -16 - (27 + 35)
-29
What is -1 + 16 + 30 + (45 - 142)?
-52
-21 + (38 + 1 - 35 - -90)
73
Calculate (6 - (4 - 31)) + 7 + 5.
45
What is (6 + -59 - -128) + -50?
25
Calculate (-21 + -62 - -79) + (1 - (-3 - -3 - 34)).
31
What is the value of 23 - (-1 + -22 + 18 - -8)?
20
What is the value of 23260 - 23235 - ((1 - 2) + 101)?
-75
Calculate (62 + 33 - 71) + (-2 + -3 - 1) +